5 = 5*m. What are the prime factors of f?
3, 5, 7
Let s(o) = o**2 + 10*o + 40. Suppose -2*p = 4*w - 16, p + 0*p = -4*w + 14. Let t be (15/w + 1)*3/(-2). What are the prime factors of s(t)?
31
Let g(w) = -w**3 - 15*w**2 - 30*w - 26. Let r be g(-13). Suppose -r*j + 1700 = -21*j. List the prime factors of j.
2, 5, 17
Let x(v) = 58*v**3 - 17*v**2 - 29*v - 77. What are the prime factors of x(8)?
3, 9433
Let x = 97 - 19. Suppose 0 = -11*w + 12*w - x. Suppose -w = -5*v + 47. List the prime factors of v.
5
List the prime factors of (-88824)/(-36)*3*1.
2, 3701
Let d = 4024 - 1392. What are the prime factors of d?
2, 7, 47
List the prime factors of 72/72*2/2*3985 + -3.
2, 11, 181
Suppose -10*n = -5*n - 10. Suppose 0 = -n*d - f + 339, d - 192 = 5*f - f. Let p = d - 122. What are the prime factors of p?
2, 5
Let x = 39 + -37. Suppose -x*t + 5*l + 219 = 0, 2*t - 113 = l + 86. What are the prime factors of t?
97
Let p(v) = -v + 13. Let o be p(9). What are the prime factors of -2 - (-676)/4 - o?
163
Suppose 8*b - 3960 - 512 = 0. List the prime factors of (-10 - -3) + 11 + b.
563
Let w be (-1 + 1)/(12/(-6)). Let h be (110/(-30))/((-11)/18). Suppose m - l = 189, w*l + h = -2*l. What are the prime factors of m?
2, 3, 31
Let o(p) = -18*p - 193. Let g(n) = -17*n - 191. Let f(m) = -3*g(m) + 2*o(m). What are the prime factors of f(36)?
727
Let s(l) = 92*l**2 - 163*l + 1556. List the prime factors of s(9).
7541
Suppose 80014 = 2*o - 5*c, 300*c - 303*c = o - 39996. What are the prime factors of o?
2, 3, 59, 113
Suppose -32*q - 54*q = -499918. List the prime factors of q.
5813
Suppose -5*z + 143150 = 5*h, 18*h - 13*h - 143174 = z. List the prime factors of h.
2, 103, 139
Let o = 726 + -725. List the prime factors of o/(-1*(-9)/6201).
13, 53
Suppose 287*f = 7776585 + 12116533. What are the prime factors of f?
2, 7, 4951
Let l(m) = -12*m + 120. Let v be l(11). Let h(i) = -i**3 + 7*i**2 - 4. Let q be h(7). What are the prime factors of 354/q*(64/v)/8?
59
Suppose 4*r - 537 = -5*s, 4*s + 4*r = -92 + 524. Let k = -78 + s. List the prime factors of (2 + 5 + -5)*k.
2, 3
Let x = 52 - 30. Suppose 0 = w + 5*o - x - 2, -2*o = -6. Let i = w - -13. List the prime factors of i.
2, 11
Let s be (0 + 12)*((-10)/4)/(-5). Suppose -5*t = -s*t - 3. List the prime factors of 59 + (t - (-6 + 1)).
61
Let b(y) = 23*y**3 - 4*y**2 - 3*y - 5. Let z = 306 + -302. What are the prime factors of b(z)?
13, 107
Suppose -213*z - 897569 + 3148766 = 0. What are the prime factors of z?
3, 13, 271
Let r(b) = -b**2 + 84*b - 1426. Let g be r(24). Let o(n) = 2*n - 3. Let m be o(2). What are the prime factors of 706/8 - (m - g/8)?
89
Let j be -1 + 2 - 8/(-2). Suppose -12 = -4*l + 3*b, -3*b + 6*b = j*l - 15. Suppose 3*f - l*y = 33, 5*y = -2*f + 9 - 1. List the prime factors of f.
3
Let f(k) = -3*k**3 - 21*k**2 - 21*k + 112. List the prime factors of f(-10).
2, 13, 47
Suppose 10*m - 57 = 7*m. Suppose 66 + 2822 = m*f. What are the prime factors of f?
2, 19
Let s = -246 - -245. List the prime factors of 22/s*(5 + (-172)/8).
3, 11
Suppose -5*v + 4*d = -133077, -6*v = -5*d - 82112 - 77581. List the prime factors of v.
3, 2957
Suppose -585357 = -49*w - 97415. What are the prime factors of w?
2, 13, 383
Let c(s) be the second derivative of -19*s**3/2 + 215*s**2/2 + 24*s + 1. List the prime factors of c(-16).
7, 23
Let b = -969 - -1372. Suppose -j - 90 = -b. List the prime factors of j.
313
Suppose -6*a + 29105 + 50709 = 15674. List the prime factors of a.
2, 5, 1069
Suppose -9*d = 8*d - 196829 - 7834. List the prime factors of d.
3, 4013
Suppose -18*q + 21*h - 26*h = -1234169, 4*q - 274280 = -4*h. List the prime factors of q.
11, 23, 271
Suppose -5*l + 2 - 2 = 0. Suppose 10*p - 4809 - 2601 = l. What are the prime factors of p?
3, 13, 19
Let g = 9 + -8. Let m(a) = 2*a + 54. Let w be m(-17). List the prime factors of (w*(g + -2))/((-2)/1).
2, 5
Suppose 357 = -11*d + 1050. Suppose x = 240 + d. What are the prime factors of x?
3, 101
Suppose 2*o + 4 = -v - 1, 0 = 3*o + 3*v + 9. What are the prime factors of (-16)/4 - (-1039 - o)?
1033
Let t = -113 + 108. List the prime factors of 10/((3/t)/(9*-1)).
2, 3, 5
Let u(a) = -a**3 + 10*a**2 + 7*a + 8. Suppose -8*i + i = 420. Let d be ((-4)/3)/(188/i - -3). List the prime factors of u(d).
2, 3, 13
Let y(u) = -108*u + 482. What are the prime factors of y(-14)?
2, 997
Suppose 0 = -7*a + 14*a + 14210. Let d = -1438 - a. Let m = -295 + d. List the prime factors of m.
3, 11
Let d = -51 - -54. Let t be d/(5 - 7/2). Let v = 49 - t. List the prime factors of v.
47
Let c(b) = b**3 + 9*b**2 + b + 14. Let t be c(-9). Suppose -2*o + 4 = -h + 7, -t*h - 15 = -4*o. What are the prime factors of -4*2/28 - 128/h?
2, 3
Let a(y) be the second derivative of -8/3*y**3 + y + 0 + 27/2*y**2 + 1/12*y**4. What are the prime factors of a(19)?
2, 3, 7
Suppose -13*s = -9*s + 12. Let m(z) = -227*z - 16. List the prime factors of m(s).
5, 7, 19
Suppose -5*j + 2*f + 28 = 0, -f = 3*j - 2*f - 17. Let v be (-13)/(-4) + j/8. Suppose 0*a - 308 = -v*a. What are the prime factors of a?
7, 11
Let f = 7602 + -4682. List the prime factors of f.
2, 5, 73
Let s(p) = 269*p**2 + 75*p + 3. What are the prime factors of s(-2)?
929
Suppose 111*c = 40*c + 9934 + 37707. What are the prime factors of c?
11, 61
Let b be (-30657)/(-99) - (-2)/(-3). Suppose -12824 = -b*w + 302*w. What are the prime factors of w?
2, 229
List the prime factors of (-1 - 5)*(-2)/(64/23792).
3, 1487
Let q = 177 + -179. List the prime factors of (-3)/(q/(-3) - 16215/24120).
2, 67
Let x be (-115275)/(-580)*(-4)/(-3). Let d(n) = n + 12. Let u be d(-9). What are the prime factors of (u - 12/3) + x?
2, 3, 11
Suppose -1428 + 1452 = 3*k, 4*k - 11576 = -2*h. What are the prime factors of h?
2, 3, 13, 37
Let m(x) = 97*x**2 - 13*x - 101. What are the prime factors of m(-11)?
11779
Let u(o) = 515*o**2 + 81*o + 230. List the prime factors of u(-10).
2, 5, 19, 67
Let q(h) = h**3 - 21*h**2 + h - 39. Let l be q(19). What are the prime factors of -2 - l - (-48)/(-8)?
2, 367
Let t(n) = -8*n**3 - 41*n**2 + 3*n + 2. Let x(s) = -3*s**3 - 14*s**2 + s + 1. Let v(h) = -4*t(h) + 11*x(h). List the prime factors of v(8).
3, 41
Suppose 9*u + v - 47931 = 4*u, -u - 7*v + 9559 = 0. List the prime factors of u.
9587
Suppose 4*u - 172 = q, -164 = -2*u - 2*u + 3*q. Let y = -14 + u. Suppose o + 2*k = 42 + y, 2*k - 154 = -2*o. List the prime factors of o.
2, 41
Suppose -4*f = 12, -5*c - f + 94 = -6*c. Let x = c + 99. Suppose -4*y + 3*l = -178, 0 = x*y + 3*y + 4*l - 238. What are the prime factors of y?
2, 23
Suppose 0 = 4*r - m - 46492 - 34437, 4*r + 4*m = 80944. What are the prime factors of r?
20233
Suppose 15461 = 4*o - 3*t, 0 = 21*t - 22*t - 3. List the prime factors of o.
3863
Let x be 8*(0 - 2/(-4)). Suppose -123003 = 304*w - 383*w. Suppose -13*j + w = -x*j. What are the prime factors of j?
173
Suppose -2*r + 51 - 11 = 2*s, 18 = s + 3*r. Suppose 0 = -p - 7*p + 2816. Suppose -p = -25*c + s*c. What are the prime factors of c?
2, 11
Suppose d - 141 = 2*a, -3*a = -14*d + 16*d - 247. Let l = -93 + d. Let y = 115 + l. List the prime factors of y.
3, 17
Let c be 1/(-1*6/(-30)) - -1305. Let f = -232 + c. What are the prime factors of f?
2, 7, 11
Let f(b) = b**3 - 19*b**2 - 2*b + 121. Let t be f(19). Suppose -2*x = -2*p - t + 2295, x = -5*p + 5560. What are the prime factors of p?
11, 101
Let h(j) = -j**3 + 30*j**2 + 4*j - 35. Let s(f) = -f**3 + 30*f**2 + 4*f - 35. Let t(u) = -6*h(u) + 5*s(u). List the prime factors of t(31).
2, 109
Suppose j - 60 = -5*j. Let i(r) = 5*r**2 - 22*r - 9. Let f be i(j). Suppose -503 = -6*k + f. What are the prime factors of k?
3, 43
Let m = -15 - -21. Let j(a) = -6 - 11 - m - 9*a + 7. What are the prime factors of j(-9)?
5, 13
Suppose 3*n = -d + 31194, 0 = -2*d + 1032 - 1026. What are the prime factors of n?
37, 281
Let d be 324/8*(8 - 6). Suppose -52*k - 22301 = -d*k. What are the prime factors of k?
769
Let f be (6/8)/((-45)/(-20) + -2). Suppose f*u - 586 = 56. Suppose -2*h + u = 5*y, 0 = 3*y + 2*h + h - 132. What are the prime factors of y?
2, 3, 7
Suppose -34*y - 72 = -46*y. What are the prime factors of y + (-5 - 5) + 860?
2, 107
Let n(d) be the third derivative of -d**5/60 - d**4/4 + 13*d**2. Let w be n(-3). Let t(a) = -a**3 + 9*a**2 - 2*a + 22. List the